{"id":9,"date":"2016-03-24T10:09:11","date_gmt":"2016-03-24T09:09:11","guid":{"rendered":"http:\/\/psv-achsheim.de.w0146192.kasserver.com\/?page_id=9"},"modified":"2026-01-31T14:00:19","modified_gmt":"2026-01-31T13:00:19","slug":"downloadcenter","status":"publish","type":"page","link":"http:\/\/psv-achsheim.de\/?page_id=9","title":{"rendered":"Downloadcenter"},"content":{"rendered":"<p><strong>Sie k\u00f6nnen hier folgende pdf-Dateien herunterladen:<\/strong><\/p>\n<ul>\n<li>Geb\u00fchren sind in der <a href=\"http:\/\/psv-achsheim.de\/wp-content\/uploads\/2026\/01\/Beitrittserklaerung_2026_Januar.pdf\" target=\"_blank\" rel=\"noopener\">Beitrittserkl\u00e4rung<\/a> einzusehen<\/li>\n<li>Anmeldeformular (mit Beitrittserkl\u00e4rung) f\u00fcr die <a href=\"http:\/\/psv-achsheim.de\/wp-content\/uploads\/2025\/09\/2025-09-10-Formular-Anmeldung-Pferdekids-von-Sabine.pdf\" target=\"_blank\" rel=\"noopener\">Pferdekids<\/a><\/li>\n<li><a href=\"http:\/\/psv-achsheim.de\/wp-content\/uploads\/2020\/01\/Fremdreiter.HP_.neues-Logo.pdf\" target=\"_blank\" rel=\"noopener\">Anlagenbenutzung<\/a> f\u00fcr G\u00e4ste, bzw. Fremdreiter<\/li>\n<li><a href=\"http:\/\/psv-achsheim.de\/wp-content\/uploads\/2020\/01\/SEPA_Mitglied_neues-LOGO.pdf\" target=\"_blank\" rel=\"noopener\">SEPA-Mandat<\/a> f\u00fcr vollj\u00e4hrige Mitglieder<\/li>\n<li><a href=\"http:\/\/psv-achsheim.de\/wp-content\/uploads\/2020\/01\/SEPA_Eltern_neues-LOGO.pdf\" target=\"_blank\" rel=\"noopener\">SEPA-Mandat<\/a> f\u00fcr Eltern minderj\u00e4hriger Mitglieder<\/li>\n<li><a href=\"http:\/\/psv-achsheim.de\/wp-content\/uploads\/2025\/05\/2025-04-25-Arbeitsstundennachweis.pdf\" target=\"_blank\" rel=\"noopener\">Arbeitsstundennachweis<\/a><\/li>\n<li>Hinweise zur <a href=\"http:\/\/psv-achsheim.de\/wp-content\/uploads\/2019\/04\/Hinweis_Anlagennutzung.pdf\" target=\"_blank\" rel=\"noopener\">Anlagennutzung<\/a><\/li>\n<li><a href=\"http:\/\/psv-achsheim.de\/wp-content\/uploads\/2018\/05\/Datenschutzhinweis-Homepage.pdf\" target=\"_blank\" rel=\"noopener\">Datenschutzerkl\u00e4rung<\/a><\/li>\n<li><a href=\"http:\/\/psv-achsheim.de\/wp-content\/uploads\/2021\/07\/Satzung-PSV.pdf\" target=\"_blank\" rel=\"noopener\">Satzung des Reitvereins<\/a><\/li>\n<li>f\u00fcr alle Veranstaltungen des PSV: <a href=\"http:\/\/psv-achsheim.de\/wp-content\/uploads\/2024\/02\/2024-02-Anmeldeformular-mit-Feldern.pdf\" target=\"_blank\" rel=\"noopener\">Anmeldeformular<\/a><\/li>\n<\/ul>\n<p><strong>Tempor\u00e4re Downloads:<\/strong><\/p>\n\n\n<ul class=\"wp-block-list\">\n<li><a href=\"http:\/\/psv-achsheim.de\/wp-content\/uploads\/2025\/04\/2025-01-15-Ausschreibung-Stangen-mit-Andreas-Huth.pdf\" target=\"_blank\" rel=\"noreferrer noopener\">Informationen<\/a> zum Stangen- und Springkurs am 01.,02. und\/oder 04.05.2025 mit Andreas Huth<\/li>\n<\/ul>\n\n\n\n<p><\/p>\n\n\n\n<p><strong>Dateien zur &#8222;neuen&#8220; Beitragsordnung (= BO; ab 01.01.2026)<\/strong>:<\/p>\n\n\n\n<ul class=\"wp-block-list\">\n<li><a href=\"http:\/\/psv-achsheim.de\/wp-content\/uploads\/2025\/09\/2025-03-22-Beitragsordnung.pdf\" target=\"_blank\" rel=\"noreferrer noopener\">Beitragsordnung, Stand 22.03.2025<\/a><\/li>\n\n\n\n<li><a href=\"http:\/\/psv-achsheim.de\/wp-content\/uploads\/2025\/09\/2025-09-11-Uebersicht-mit-Logo.pdf\" target=\"_blank\" rel=\"noreferrer noopener\">\u00dcbersicht \u00fcber Betr\u00e4ge und Arbeitsstunden, Stand 11.09.2025<\/a><\/li>\n<\/ul>\n\n\n\n<p><strong>Ein wichtiger Hinweis f\u00fcr unsere Mitglieder!<\/strong><\/p>\n\n\n\n<p>\u00a7 9 Abs. 2: Personen, die am 22.03.2025 Mitglied waren, werden in das neue System automatisch \u00fcberf\u00fchrt, sofern alle Informationen vorliegen.<br>\u00a7 9 Abs. 3: Diese Beitragsordnung findet ab 23.03.2025 Anwendung, indem bis zum 30.09.2025 erstmals \u00c4nderungen gemeldet werden k\u00f6nnen. Die \u00c4nderungen wirken sich somit erstmals ab 01.01.2026 aus.<br><br><\/p>\n\n\n\n<p><\/p>\n\n\n\n<p><\/p>\n","protected":false},"excerpt":{"rendered":"<p>Sie k\u00f6nnen hier folgende pdf-Dateien herunterladen: Geb\u00fchren sind in der Beitrittserkl\u00e4rung einzusehen Anmeldeformular (mit Beitrittserkl\u00e4rung) f\u00fcr die Pferdekids Anlagenbenutzung f\u00fcr G\u00e4ste, bzw. Fremdreiter SEPA-Mandat f\u00fcr vollj\u00e4hrige Mitglieder SEPA-Mandat f\u00fcr Eltern minderj\u00e4hriger Mitglieder Arbeitsstundennachweis Hinweise zur Anlagennutzung Datenschutzerkl\u00e4rung Satzung des Reitvereins f\u00fcr alle Veranstaltungen des PSV: Anmeldeformular Tempor\u00e4re Downloads: Dateien zur &#8222;neuen&#8220; Beitragsordnung (= BO; ab &hellip; <a href=\"http:\/\/psv-achsheim.de\/?page_id=9\" class=\"more-link\"><span class=\"screen-reader-text\">Downloadcenter<\/span> weiterlesen <span class=\"meta-nav\">&rarr;<\/span><\/a><\/p>\n","protected":false},"author":1,"featured_media":0,"parent":0,"menu_order":0,"comment_status":"closed","ping_status":"closed","template":"","meta":{"footnotes":""},"class_list":["post-9","page","type-page","status-publish","hentry"],"_links":{"self":[{"href":"http:\/\/psv-achsheim.de\/index.php?rest_route=\/wp\/v2\/pages\/9","targetHints":{"allow":["GET"]}}],"collection":[{"href":"http:\/\/psv-achsheim.de\/index.php?rest_route=\/wp\/v2\/pages"}],"about":[{"href":"http:\/\/psv-achsheim.de\/index.php?rest_route=\/wp\/v2\/types\/page"}],"author":[{"embeddable":true,"href":"http:\/\/psv-achsheim.de\/index.php?rest_route=\/wp\/v2\/users\/1"}],"replies":[{"embeddable":true,"href":"http:\/\/psv-achsheim.de\/index.php?rest_route=%2Fwp%2Fv2%2Fcomments&post=9"}],"version-history":[{"count":68,"href":"http:\/\/psv-achsheim.de\/index.php?rest_route=\/wp\/v2\/pages\/9\/revisions"}],"predecessor-version":[{"id":932,"href":"http:\/\/psv-achsheim.de\/index.php?rest_route=\/wp\/v2\/pages\/9\/revisions\/932"}],"wp:attachment":[{"href":"http:\/\/psv-achsheim.de\/index.php?rest_route=%2Fwp%2Fv2%2Fmedia&parent=9"}],"curies":[{"name":"wp","href":"https:\/\/api.w.org\/{rel}","templated":true}]}}