{"id":13,"date":"2016-03-24T10:10:25","date_gmt":"2016-03-24T09:10:25","guid":{"rendered":"http:\/\/psv-achsheim.de.w0146192.kasserver.com\/?page_id=13"},"modified":"2021-11-16T19:46:13","modified_gmt":"2021-11-16T18:46:13","slug":"kontakt","status":"publish","type":"page","link":"http:\/\/psv-achsheim.de\/?page_id=13","title":{"rendered":"Kontakt"},"content":{"rendered":"<p>F\u00fcr Anfragen den Verein betreffend k\u00f6nnen Sie Kontakt mit unserer Schriftf\u00fchrerin Mirjam J\u00e4ger aufnehmen:<\/p>\n<p><a href=\"http:\/\/psv-achsheim.de\/?page_id=41\">Kontakt Verein<\/a><\/p>\n<p>Wollen\u00a0 Sie als Vereinsmitglied Beitr\u00e4ge erstellen nehmen Sie bitte hier Kontakt auf:<\/p>\n<p><a href=\"http:\/\/psv-achsheim.de\/?page_id=39\">Kontakt Webmaster<\/a><\/p>\n<p><strong>Anschrift der Reitanlage:<\/strong><\/p>\n<p>Kellerberg 5, 86462 Achsheim<\/p>\n","protected":false},"excerpt":{"rendered":"<p>F\u00fcr Anfragen den Verein betreffend k\u00f6nnen Sie Kontakt mit unserer Schriftf\u00fchrerin Mirjam J\u00e4ger aufnehmen: Kontakt Verein Wollen\u00a0 Sie als Vereinsmitglied Beitr\u00e4ge erstellen nehmen Sie bitte hier Kontakt auf: Kontakt Webmaster Anschrift der Reitanlage: Kellerberg 5, 86462 Achsheim<\/p>\n","protected":false},"author":1,"featured_media":0,"parent":0,"menu_order":0,"comment_status":"closed","ping_status":"closed","template":"","meta":{"footnotes":""},"class_list":["post-13","page","type-page","status-publish","hentry"],"_links":{"self":[{"href":"http:\/\/psv-achsheim.de\/index.php?rest_route=\/wp\/v2\/pages\/13","targetHints":{"allow":["GET"]}}],"collection":[{"href":"http:\/\/psv-achsheim.de\/index.php?rest_route=\/wp\/v2\/pages"}],"about":[{"href":"http:\/\/psv-achsheim.de\/index.php?rest_route=\/wp\/v2\/types\/page"}],"author":[{"embeddable":true,"href":"http:\/\/psv-achsheim.de\/index.php?rest_route=\/wp\/v2\/users\/1"}],"replies":[{"embeddable":true,"href":"http:\/\/psv-achsheim.de\/index.php?rest_route=%2Fwp%2Fv2%2Fcomments&post=13"}],"version-history":[{"count":7,"href":"http:\/\/psv-achsheim.de\/index.php?rest_route=\/wp\/v2\/pages\/13\/revisions"}],"predecessor-version":[{"id":452,"href":"http:\/\/psv-achsheim.de\/index.php?rest_route=\/wp\/v2\/pages\/13\/revisions\/452"}],"wp:attachment":[{"href":"http:\/\/psv-achsheim.de\/index.php?rest_route=%2Fwp%2Fv2%2Fmedia&parent=13"}],"curies":[{"name":"wp","href":"https:\/\/api.w.org\/{rel}","templated":true}]}}